{"id":989770,"date":"2024-08-13T09:58:20","date_gmt":"2024-08-13T07:58:20","guid":{"rendered":"https:\/\/new.fpc.org.pl\/?post_type=product&#038;p=989770"},"modified":"2024-08-28T14:32:48","modified_gmt":"2024-08-28T12:32:48","slug":"koszulka-ratownicy-czytelnictwa","status":"publish","type":"product","link":"https:\/\/new.fpc.chost.pl\/eng\/sklep\/koszulka-ratownicy-czytelnictwa\/","title":{"rendered":"Koszulka Ratownicy Czytelnictwa"},"content":{"rendered":"<div class=\"vgblk-rw-wrapper limit-wrapper\">Kupuj\u0105c t\u0119 koszulk\u0119 pomagasz! Wspierasz Ratownik\u00f3w Czytelnictwa. To jest Tw\u00f3j wk\u0142ad w wyr\u00f3wnywanie szans dzieci z r\u00f3\u017cnych \u015brodowisk, kt\u00f3re my realizujemy poprzez upowszechnianie czytelnictwa. W koszulce z logo Ratownicy Czytelnictwa mo\u017cesz poczu\u0107 supermoc nios\u0105c nasze idee w \u015bwiat!<\/p>\n<p>Koszulki zosta\u0142y wykonane z wysokogatunkowej, mi\u0119kkiej w dotyku bawe\u0142ny o gramaturze 145g\/m2. Koszulki damskie s\u0105 taliowane (szeroko\u015b\u0107 43 cm, d\u0142ugo\u015b\u0107 62 cm), dzi\u0119ki czemu idealnie dopasowuj\u0105 si\u0119 do cia\u0142a, a koszulki m\u0119skie (szeroko\u015b\u0107 53 cm, d\u0142ugo\u015b\u0107 70 cm) maj\u0105 lu\u017any kr\u00f3j. W komentarzu do zakupu prosimy wpisa\u0107 wybrany rozmiar koszulki.<\/p><\/div>\n<p><!-- .vgblk-rw-wrapper --><\/p>","protected":false},"excerpt":{"rendered":"<p>Kupuj\u0105c t\u0119 koszulk\u0119 pomagasz! Wspierasz Ratownik\u00f3w Czytelnictwa. To jest Tw\u00f3j wk\u0142ad w wyr\u00f3wnywanie szans dzieci z r\u00f3\u017cnych \u015brodowisk, kt\u00f3re my realizujemy poprzez upowszechnianie czytelnictwa. W koszulce z logo Ratownicy Czytelnictwa mo\u017cesz poczu\u0107 supermoc nios\u0105c nasze idee w \u015bwiat!<\/p>\n<p>Koszulki zosta\u0142y wykonane z wysokogatunkowej, mi\u0119kkiej w dotyku bawe\u0142ny o gramaturze 145g\/m2. Koszulki damskie s\u0105 taliowane (szeroko\u015b\u0107 43 cm, d\u0142ugo\u015b\u0107 62 cm), dzi\u0119ki czemu idealnie dopasowuj\u0105 si\u0119 do cia\u0142a, a koszulki m\u0119skie (szeroko\u015b\u0107 53 cm, d\u0142ugo\u015b\u0107 70 cm) maj\u0105 lu\u017any kr\u00f3j. W komentarzu do zakupu prosimy wpisa\u0107 wybrany rozmiar koszulki.<\/p>","protected":false},"featured_media":989773,"template":"","meta":{"rank_math_lock_modified_date":false},"product_cat":[15,84,85],"product_tag":[69],"class_list":{"0":"post-989770","1":"product","2":"type-product","3":"status-publish","4":"has-post-thumbnail","6":"product_cat-inne","7":"product_cat-dzieci","8":"product_cat-rodzice","9":"product_tag-ubrania","10":"odd","12":"first","13":"instock","14":"taxable","15":"shipping-taxable","16":"purchasable","17":"product-type-simple"},"acf":[],"_links":{"self":[{"href":"https:\/\/new.fpc.chost.pl\/eng\/wp-json\/wp\/v2\/product\/989770","targetHints":{"allow":["GET"]}}],"collection":[{"href":"https:\/\/new.fpc.chost.pl\/eng\/wp-json\/wp\/v2\/product"}],"about":[{"href":"https:\/\/new.fpc.chost.pl\/eng\/wp-json\/wp\/v2\/types\/product"}],"version-history":[{"count":1,"href":"https:\/\/new.fpc.chost.pl\/eng\/wp-json\/wp\/v2\/product\/989770\/revisions"}],"predecessor-version":[{"id":989774,"href":"https:\/\/new.fpc.chost.pl\/eng\/wp-json\/wp\/v2\/product\/989770\/revisions\/989774"}],"wp:featuredmedia":[{"embeddable":true,"href":"https:\/\/new.fpc.chost.pl\/eng\/wp-json\/wp\/v2\/media\/989773"}],"wp:attachment":[{"href":"https:\/\/new.fpc.chost.pl\/eng\/wp-json\/wp\/v2\/media?parent=989770"}],"wp:term":[{"taxonomy":"product_cat","embeddable":true,"href":"https:\/\/new.fpc.chost.pl\/eng\/wp-json\/wp\/v2\/product_cat?post=989770"},{"taxonomy":"product_tag","embeddable":true,"href":"https:\/\/new.fpc.chost.pl\/eng\/wp-json\/wp\/v2\/product_tag?post=989770"}],"curies":[{"name":"wp","href":"https:\/\/api.w.org\/{rel}","templated":true}]}}