{"id":989780,"date":"2024-08-13T10:47:25","date_gmt":"2024-08-13T08:47:25","guid":{"rendered":"https:\/\/new.fpc.org.pl\/?post_type=product&#038;p=989780"},"modified":"2024-08-28T14:32:17","modified_gmt":"2024-08-28T12:32:17","slug":"plakat-dawida-ryskiego","status":"publish","type":"product","link":"https:\/\/new.fpc.chost.pl\/eng\/sklep\/plakat-dawida-ryskiego\/","title":{"rendered":"Plakat Dawida Ryskiego"},"content":{"rendered":"<div class=\"vgblk-rw-wrapper limit-wrapper\">Dawid Ryski \u2013 znany r\u00f3wnie\u017c jako Talkseek lub Risky, ilustrator, grafik i muzyk. Projektuje plakaty koncertowe, ok\u0142adki p\u0142yt, ilustruje pras\u0119. Jego ilustracje mo\u017cna znale\u017a\u0107 m.in. w \u201eDu\u017cym Formacie\u201d, \u201ePrzekroju\u201d, \u201eWprost\u201d czy \u201eCharakterach\u201d. Jako grafik wsp\u00f3\u0142pracowa\u0142 z \u0141\u00f3d\u017a Design Festival, Watch Docs Festiwal oraz Goethe Institut. Przygotowuje r\u00f3wnie\u017c plakaty koncertowe, wykona\u0142 je m.in. dla zespo\u0142\u00f3w Franz Ferdinand, Zola Jesus, Gossip, Afghan Whigs.<\/p>\n<p>Plakaty s\u0105 zwini\u0119te, zabezpieczone i wysy\u0142ane w tubach.<\/p><\/div>\n<p><!-- .vgblk-rw-wrapper --><\/p>","protected":false},"excerpt":{"rendered":"<p>Kupuj\u0105c plakat wspierasz dzia\u0142ania Fundacji Powszechnego Czytania, pomagasz upowszechnia\u0107 czytelnictwo i walczy\u0107 z czytelniczym wykluczenie. Dzi\u0119ki Twojemu wsparciu dostarczamy ksi\u0105\u017cki do dzieci potrzebuj\u0105cych.<\/p>\n<p>Plakaty przygotowane zosta\u0142y przez polskich ilustrator\u00f3w z okazji<br \/>\n5-lecia Fundacji.<\/p>\n<p>Wymiary plakat\u00f3w: 50 x 70 cm (B2)<\/p>\n<p>Wizualizacje we wn\u0119trzach maj\u0105 charakter pogl\u0105dowy.<\/p>","protected":false},"featured_media":989782,"template":"","meta":{"rank_math_lock_modified_date":false},"product_cat":[15,84,85],"product_tag":[67],"class_list":{"0":"post-989780","1":"product","2":"type-product","3":"status-publish","4":"has-post-thumbnail","6":"product_cat-inne","7":"product_cat-dzieci","8":"product_cat-rodzice","9":"product_tag-ilustracje-i-plakaty","10":"odd","12":"first","13":"instock","14":"taxable","15":"shipping-taxable","16":"purchasable","17":"product-type-simple"},"acf":[],"_links":{"self":[{"href":"https:\/\/new.fpc.chost.pl\/eng\/wp-json\/wp\/v2\/product\/989780","targetHints":{"allow":["GET"]}}],"collection":[{"href":"https:\/\/new.fpc.chost.pl\/eng\/wp-json\/wp\/v2\/product"}],"about":[{"href":"https:\/\/new.fpc.chost.pl\/eng\/wp-json\/wp\/v2\/types\/product"}],"version-history":[{"count":2,"href":"https:\/\/new.fpc.chost.pl\/eng\/wp-json\/wp\/v2\/product\/989780\/revisions"}],"predecessor-version":[{"id":989784,"href":"https:\/\/new.fpc.chost.pl\/eng\/wp-json\/wp\/v2\/product\/989780\/revisions\/989784"}],"wp:featuredmedia":[{"embeddable":true,"href":"https:\/\/new.fpc.chost.pl\/eng\/wp-json\/wp\/v2\/media\/989782"}],"wp:attachment":[{"href":"https:\/\/new.fpc.chost.pl\/eng\/wp-json\/wp\/v2\/media?parent=989780"}],"wp:term":[{"taxonomy":"product_cat","embeddable":true,"href":"https:\/\/new.fpc.chost.pl\/eng\/wp-json\/wp\/v2\/product_cat?post=989780"},{"taxonomy":"product_tag","embeddable":true,"href":"https:\/\/new.fpc.chost.pl\/eng\/wp-json\/wp\/v2\/product_tag?post=989780"}],"curies":[{"name":"wp","href":"https:\/\/api.w.org\/{rel}","templated":true}]}}