{"id":989821,"date":"2024-08-13T12:16:26","date_gmt":"2024-08-13T10:16:26","guid":{"rendered":"https:\/\/new.fpc.org.pl\/?post_type=product&#038;p=989821"},"modified":"2024-08-20T09:33:42","modified_gmt":"2024-08-20T07:33:42","slug":"przekazuje-1-ksiazke-dzieciom-uchodzcow-z-ukrainy","status":"publish","type":"product","link":"https:\/\/new.fpc.chost.pl\/eng\/sklep\/przekazuje-1-ksiazke-dzieciom-uchodzcow-z-ukrainy\/","title":{"rendered":"Przekazuj\u0119 1 ksi\u0105\u017ck\u0119 dzieciom uchod\u017ac\u00f3w z Ukrainy"},"content":{"rendered":"<div class=\"vgblk-rw-wrapper limit-wrapper\">\n<div class=\"woocommerce-tabs wc-tabs-wrapper\">\n<div id=\"tab-description\" class=\"woocommerce-Tabs-panel woocommerce-Tabs-panel--description panel entry-content wc-tab\" role=\"tabpanel\" aria-labelledby=\"tab-title-description\">\n<p>Uwolnij Supermoc Dobra. Podaruj ksi\u0105\u017ck\u0119 dzieciom uchod\u017ac\u00f3w z Ukrainy.<\/p>\n<\/div>\n<\/div>\n<\/div>\n<p><!-- .vgblk-rw-wrapper --><\/p>","protected":false},"excerpt":{"rendered":"<p>Ksi\u0105\u017cki nios\u0105 ukojenie i daj\u0105 si\u0142\u0119.<br \/>\nUwolnij Supermoc Dobra.<\/p>\n<p>Podaruj ksi\u0105\u017ck\u0119 dziecku, kt\u00f3re potrzebuje wsparcia.<br \/>\nTwoja darowizna pozwoli zakupi\u0107 ksi\u0105\u017ck\u0119 dla dziecka uchod\u017ac\u00f3w z Ukrainy.<\/p>","protected":false},"featured_media":989857,"template":"","meta":{"rank_math_lock_modified_date":false},"product_cat":[15],"product_tag":[72],"class_list":{"0":"post-989821","1":"product","2":"type-product","3":"status-publish","4":"has-post-thumbnail","6":"product_cat-inne","7":"product_tag-darowizna","8":"odd","10":"first","11":"instock","12":"taxable","13":"shipping-taxable","14":"purchasable","15":"product-type-simple"},"acf":[],"_links":{"self":[{"href":"https:\/\/new.fpc.chost.pl\/eng\/wp-json\/wp\/v2\/product\/989821","targetHints":{"allow":["GET"]}}],"collection":[{"href":"https:\/\/new.fpc.chost.pl\/eng\/wp-json\/wp\/v2\/product"}],"about":[{"href":"https:\/\/new.fpc.chost.pl\/eng\/wp-json\/wp\/v2\/types\/product"}],"version-history":[{"count":3,"href":"https:\/\/new.fpc.chost.pl\/eng\/wp-json\/wp\/v2\/product\/989821\/revisions"}],"predecessor-version":[{"id":989860,"href":"https:\/\/new.fpc.chost.pl\/eng\/wp-json\/wp\/v2\/product\/989821\/revisions\/989860"}],"wp:featuredmedia":[{"embeddable":true,"href":"https:\/\/new.fpc.chost.pl\/eng\/wp-json\/wp\/v2\/media\/989857"}],"wp:attachment":[{"href":"https:\/\/new.fpc.chost.pl\/eng\/wp-json\/wp\/v2\/media?parent=989821"}],"wp:term":[{"taxonomy":"product_cat","embeddable":true,"href":"https:\/\/new.fpc.chost.pl\/eng\/wp-json\/wp\/v2\/product_cat?post=989821"},{"taxonomy":"product_tag","embeddable":true,"href":"https:\/\/new.fpc.chost.pl\/eng\/wp-json\/wp\/v2\/product_tag?post=989821"}],"curies":[{"name":"wp","href":"https:\/\/api.w.org\/{rel}","templated":true}]}}