{"id":989867,"date":"2024-08-13T12:35:08","date_gmt":"2024-08-13T10:35:08","guid":{"rendered":"https:\/\/new.fpc.org.pl\/?post_type=product&#038;p=989867"},"modified":"2024-08-28T14:28:48","modified_gmt":"2024-08-28T12:28:48","slug":"skarpetki-tata-tez-czyta","status":"publish","type":"product","link":"https:\/\/new.fpc.chost.pl\/eng\/sklep\/skarpetki-tata-tez-czyta\/","title":{"rendered":"Skarpetki Tata Te\u017c Czyta"},"content":{"rendered":"<div class=\"vgblk-rw-wrapper limit-wrapper\">#TataTe\u017cCzyta to wa\u017cne zawo\u0142anie. Dzi\u015b w Polsce ch\u0142opcy i panowie czytaj\u0105 du\u017co mniej ni\u017c dziewczynki i kobiety. Na pewno jedn\u0105 z przyczyn jest brak m\u0119skiego czytaj\u0105cego wzorca \u2013 warto to zmienia\u0107. Tatusiowie, Wujowie, Dziadkowie, Starsi Bracia, Opiekunowie, Trenerzy \u2013 czytajcie!<br \/>\nKa\u017cdy rodzic czy opiekun regularnie czytaj\u0105cy to szcz\u0119\u015bcie i fundament przysz\u0142o\u015bci dziecka.<\/div>\n<p><!-- .vgblk-rw-wrapper --><\/p>","protected":false},"excerpt":{"rendered":"<p>Kupuj\u0105c ten produkt pomagasz! Wspierasz Fundacj\u0105 Powszechnego czytania. To jest Tw\u00f3j wk\u0142ad walk\u0119 z czytelniczym wykluczeniem i upowszechnianie czytelnictwa w Polsce. Akcja #TataTe\u017cCzyta powsta\u0142a z my\u015bl\u0105 zach\u0119cania m\u0119\u017cczyzn, g\u0142\u00f3wnie ojc\u00f3w, do czytania sobie i dzieciom. Badania pokazuj\u0105, \u017ce obecnie robi\u0105 to o wiele rzadziej ni\u017c kobiety. Wybieraj\u0105c produkt z naszym has\u0142em pomagasz mu dotrze\u0107 jeszcze szerzej!<\/p>\n<p>Skarpetki zosta\u0142y zaprojektowane i wyprodukowane w Polsce.<\/p>\n<p>Do ka\u017cdej pary skarpetek wysy\u0142am tak\u017ce darmow\u0105 wersj\u0119 papierow\u0105 publikacji Supermoc Ksi\u0105\u017cek #TataTe\u017cCzyta!<\/p>","protected":false},"featured_media":989854,"template":"","meta":{"rank_math_lock_modified_date":false},"product_cat":[84,85],"product_tag":[69],"class_list":{"0":"post-989867","1":"product","2":"type-product","3":"status-publish","4":"has-post-thumbnail","6":"product_cat-dzieci","7":"product_cat-rodzice","8":"product_tag-ubrania","9":"odd","11":"first","12":"instock","13":"taxable","14":"shipping-taxable","15":"purchasable","16":"product-type-simple"},"acf":[],"_links":{"self":[{"href":"https:\/\/new.fpc.chost.pl\/eng\/wp-json\/wp\/v2\/product\/989867","targetHints":{"allow":["GET"]}}],"collection":[{"href":"https:\/\/new.fpc.chost.pl\/eng\/wp-json\/wp\/v2\/product"}],"about":[{"href":"https:\/\/new.fpc.chost.pl\/eng\/wp-json\/wp\/v2\/types\/product"}],"version-history":[{"count":1,"href":"https:\/\/new.fpc.chost.pl\/eng\/wp-json\/wp\/v2\/product\/989867\/revisions"}],"predecessor-version":[{"id":989868,"href":"https:\/\/new.fpc.chost.pl\/eng\/wp-json\/wp\/v2\/product\/989867\/revisions\/989868"}],"wp:featuredmedia":[{"embeddable":true,"href":"https:\/\/new.fpc.chost.pl\/eng\/wp-json\/wp\/v2\/media\/989854"}],"wp:attachment":[{"href":"https:\/\/new.fpc.chost.pl\/eng\/wp-json\/wp\/v2\/media?parent=989867"}],"wp:term":[{"taxonomy":"product_cat","embeddable":true,"href":"https:\/\/new.fpc.chost.pl\/eng\/wp-json\/wp\/v2\/product_cat?post=989867"},{"taxonomy":"product_tag","embeddable":true,"href":"https:\/\/new.fpc.chost.pl\/eng\/wp-json\/wp\/v2\/product_tag?post=989867"}],"curies":[{"name":"wp","href":"https:\/\/api.w.org\/{rel}","templated":true}]}}